{"id":1523,"date":"2023-05-09T06:24:37","date_gmt":"2023-05-09T06:24:37","guid":{"rendered":"https:\/\/thememxpro.com\/theme\/lsicool\/?page_id=1523"},"modified":"2024-02-23T11:12:52","modified_gmt":"2024-02-23T10:12:52","slug":"contact-us","status":"publish","type":"page","link":"https:\/\/nakup-lozisek.cz\/index.php\/contact-us\/","title":{"rendered":"Kontaktujte n\u00e1s"},"content":{"rendered":"\t\t<div data-elementor-type=\"wp-page\" data-elementor-id=\"1523\" class=\"elementor elementor-1523\">\n\t\t\t\t\t\t<section class=\"elementor-section elementor-top-section elementor-element elementor-element-ea0d558 elementor-section-boxed elementor-section-height-default elementor-section-height-default\" data-id=\"ea0d558\" data-element_type=\"section\">\n\t\t\t\t\t\t<div class=\"elementor-container elementor-column-gap-default\">\n\t\t\t\t\t<div class=\"elementor-column elementor-col-50 elementor-top-column elementor-element elementor-element-b82e336\" data-id=\"b82e336\" data-element_type=\"column\">\n\t\t\t<div class=\"elementor-widget-wrap elementor-element-populated\">\n\t\t\t\t\t\t\t<\/div>\n\t\t<\/div>\n\t\t\t\t<div class=\"elementor-column elementor-col-50 elementor-top-column elementor-element elementor-element-25d0061\" data-id=\"25d0061\" data-element_type=\"column\">\n\t\t\t<div class=\"elementor-widget-wrap elementor-element-populated\">\n\t\t\t\t\t\t<div class=\"elementor-element elementor-element-5d8d158 elementor-widget elementor-widget-lsicool_contact_info\" data-id=\"5d8d158\" data-element_type=\"widget\" data-widget_type=\"lsicool_contact_info.default\">\n\t\t\t\t<div class=\"elementor-widget-container\">\n\t\t\t\n\t<div class=\"contact-page__top-content \">\n\t\t\t<div class=\"title-box\">\n\t\t\t\t<h2>Kontaktujte n\u00e1s<\/h2>\n\t\t\t\t<p><\/p>\n\t\t\t<\/div>\n\t\t\t\t\t\t\n\t\t\t<div class=\"contact-page__top-content-single \">\n\t\t\t\t<div class=\"inner\">\n\t\t\t\t\t<div class=\"icon-box\">\n\t\t\t\t\t\t<span class=\" icon-telephone-call\"><\/span>\n\t\t\t\t\t<\/div>\n\n\t\t\t\t\t<div class=\"content-box\">\n\t\t\t\t\t\t<h2>Phone<\/h2>\n\t\t\t\t\t\t<p>+48 533223428<\/p>\n\t\t\t\t\t<\/div>\n\t\t\t\t<\/div>\n\t\t\t<\/div>\n\t\t\t\t\t\t\n\t\t\t<div class=\"contact-page__top-content-single mb0\">\n\t\t\t\t<div class=\"inner\">\n\t\t\t\t\t<div class=\"icon-box\">\n\t\t\t\t\t\t<span class=\" icon-email\"><\/span>\n\t\t\t\t\t<\/div>\n\n\t\t\t\t\t<div class=\"content-box\">\n\t\t\t\t\t\t<h2>Email<\/h2>\n\t\t\t\t\t\t<p>webuybearings85@gmail.com<\/p>\n\t\t\t\t\t<\/div>\n\t\t\t\t<\/div>\n\t\t\t<\/div>\n\t\t\t\t\t<\/div>\n\t<\/div>\n                        <!--End Contact Page Top Content-->\n\n    \t\t<\/div>\n\t\t\t\t<\/div>\n\t\t\t\t\t<\/div>\n\t\t<\/div>\n\t\t\t\t\t<\/div>\n\t\t<\/section>\n\t\t\t\t<section class=\"elementor-section elementor-top-section elementor-element elementor-element-392bed2 elementor-section-boxed elementor-section-height-default elementor-section-height-default\" data-id=\"392bed2\" data-element_type=\"section\">\n\t\t\t\t\t\t<div class=\"elementor-container elementor-column-gap-default\">\n\t\t\t\t\t<div class=\"elementor-column elementor-col-100 elementor-top-column elementor-element elementor-element-f1d9193\" data-id=\"f1d9193\" data-element_type=\"column\">\n\t\t\t<div class=\"elementor-widget-wrap elementor-element-populated\">\n\t\t\t\t\t\t<div class=\"elementor-element elementor-element-950dc24 elementor-widget elementor-widget-lsicool_contact_v2\" data-id=\"950dc24\" data-element_type=\"widget\" data-widget_type=\"lsicool_contact_v2.default\">\n\t\t\t\t<div class=\"elementor-widget-container\">\n\t\t\t\n\n\t\t<div class=\"contact-page__bottom\">\n\t\t\t<div class=\"row\">\n\t\t\t\t<!--Start Contact Page Bottom Content-->\n\t\t\t\t<div class=\"col-xl-5\">\n\t\t\t\t\t<div class=\"contact-page__bottom-content\">\n\t\t\t\t\t\t<div class=\"sec-title style2\">\n\t\t\t\t\t\t\t<div class=\"sec-title__tagline\">\n\t\t\t\t\t\t\t\t<h6>CONTACT US<\/h6>\n\t\t\t\t\t\t\t<\/div>\n\t\t\t\t\t\t\t<h2 class=\"sec-title__title\">Jsme v\u017edy p\u0159ipraveni<br>\nPomoct ti<\/h2>\n\t\t\t\t\t\t<\/div>\n\t\t\t\t\t\t<div class=\"text-box\">\n\t\t\t\t\t\t\t<p><\/p>\n\t\t\t\t\t\t<\/div>\n\t\t\t\t\t<\/div>\n\t\t\t\t<\/div>\n\t\t\t\t<!--End Contact Page Bottom Content-->\n\n\t\t\t\t<!--Start Contact One Form-->\n\t\t\t\t<div class=\"col-xl-7\">\n\t\t\t\t\t<div class=\"contact-one__form contact-one__form--contact\">\n\t\t\t\t\t\n<div class=\"wpcf7 no-js\" id=\"wpcf7-f1547-o1\" lang=\"en-US\" dir=\"ltr\">\n<div class=\"screen-reader-response\"><p role=\"status\" aria-live=\"polite\" aria-atomic=\"true\"><\/p> <ul><\/ul><\/div>\n<form action=\"\/index.php\/wp-json\/wp\/v2\/pages\/1523#wpcf7-f1547-o1\" method=\"post\" class=\"wpcf7-form init\" aria-label=\"Contact form\" novalidate=\"novalidate\" data-status=\"init\">\n<div style=\"display: none;\">\n<input type=\"hidden\" name=\"_wpcf7\" value=\"1547\" \/>\n<input type=\"hidden\" name=\"_wpcf7_version\" value=\"5.8.6\" \/>\n<input type=\"hidden\" name=\"_wpcf7_locale\" value=\"en_US\" \/>\n<input type=\"hidden\" name=\"_wpcf7_unit_tag\" value=\"wpcf7-f1547-o1\" \/>\n<input type=\"hidden\" name=\"_wpcf7_container_post\" value=\"0\" \/>\n<input type=\"hidden\" name=\"_wpcf7_posted_data_hash\" value=\"\" \/>\n<\/div>\n<div class=\"row\">\n\t<div class=\"col-xl-6 col-lg-6 col-md-6\">\n\t\t<div class=\"input-box\">\n\t\t\t<p><span class=\"wpcf7-form-control-wrap\" data-name=\"text-452\"><input size=\"40\" class=\"wpcf7-form-control wpcf7-text wpcf7-validates-as-required\" aria-required=\"true\" aria-invalid=\"false\" placeholder=\"Your Name\" value=\"\" type=\"text\" name=\"text-452\" \/><\/span>\n\t\t\t<\/p>\n\t\t<\/div>\n\t<\/div>\n\t<div class=\"col-xl-6 col-lg-6 col-md-6\">\n\t\t<div class=\"input-box\">\n\t\t\t<p><span class=\"wpcf7-form-control-wrap\" data-name=\"email-274\"><input size=\"40\" class=\"wpcf7-form-control wpcf7-email wpcf7-validates-as-required wpcf7-text wpcf7-validates-as-email\" aria-required=\"true\" aria-invalid=\"false\" placeholder=\"Email Address\" value=\"\" type=\"email\" name=\"email-274\" \/><\/span>\n\t\t\t<\/p>\n\t\t<\/div>\n\t<\/div>\n<\/div>\n<div class=\"row\">\n\t<div class=\"col-xl-6 col-lg-6 col-md-6\">\n\t\t<div class=\"input-box\">\n\t\t\t<p><span class=\"wpcf7-form-control-wrap\" data-name=\"text-453\"><input size=\"40\" class=\"wpcf7-form-control wpcf7-text wpcf7-validates-as-required\" aria-required=\"true\" aria-invalid=\"false\" placeholder=\"Phone\" value=\"\" type=\"text\" name=\"text-453\" \/><\/span>\n\t\t\t<\/p>\n\t\t<\/div>\n\t<\/div>\n\t<div class=\"col-xl-6 col-lg-6 col-md-6\">\n\t\t<div class=\"input-box\">\n\t\t\t<p><span class=\"wpcf7-form-control-wrap\" data-name=\"text-454\"><input size=\"40\" class=\"wpcf7-form-control wpcf7-text wpcf7-validates-as-required\" aria-required=\"true\" aria-invalid=\"false\" placeholder=\"Subject\" value=\"\" type=\"text\" name=\"text-454\" \/><\/span>\n\t\t\t<\/p>\n\t\t<\/div>\n\t<\/div>\n<\/div>\n<div class=\"row\">\n\t<div class=\"col-xl-12\">\n\t\t<div class=\"input-box\">\n\t\t\t<p><span class=\"wpcf7-form-control-wrap\" data-name=\"textarea-626\"><textarea cols=\"40\" rows=\"10\" class=\"wpcf7-form-control wpcf7-textarea wpcf7-validates-as-required\" aria-required=\"true\" aria-invalid=\"false\" placeholder=\"Your Message\" name=\"textarea-626\"><\/textarea><\/span>\n\t\t\t<\/p>\n\t\t<\/div>\n\t<\/div>\n\t<div class=\"col-xl-6 col-lg-6 col-md-6\">\n\t\t<div class=\"contact-one__form-btn\">\n\t\t\t<p><button class=\"thm-btn\" type=\"submit\" data-loading-text=\"Please wait...\"><br \/>\n<span class=\"txt\">Send a Message<\/span><br \/>\n<\/button>\n\t\t\t<\/p>\n\t\t<\/div>\n\t<\/div>\n<\/div><div class=\"wpcf7-response-output\" aria-hidden=\"true\"><\/div>\n<\/form>\n<\/div>\n\t\t\t\t\t<\/div>\n\t\t\t\t<\/div>\n\t\t\t\t<!--End Contact One Form-->\n\t\t\t<\/div>\n\t\t<\/div>\n\t\t\n\n\n    \t\t<\/div>\n\t\t\t\t<\/div>\n\t\t\t\t\t<\/div>\n\t\t<\/div>\n\t\t\t\t\t<\/div>\n\t\t<\/section>\n\t\t\t\t<\/div>\n\t\t","protected":false},"excerpt":{"rendered":"<p>Kontaktujte n\u00e1s Phone +48 533223428 Email webuybearings85@gmail.com CONTACT US Jsme v\u017edy p\u0159ipraveni Pomoct ti Send a Message<\/p>\n","protected":false},"author":1,"featured_media":0,"parent":0,"menu_order":0,"comment_status":"closed","ping_status":"closed","template":"tpl-default-elementor.php","meta":{"footnotes":""},"class_list":["post-1523","page","type-page","status-publish","hentry"],"_links":{"self":[{"href":"https:\/\/nakup-lozisek.cz\/index.php\/wp-json\/wp\/v2\/pages\/1523","targetHints":{"allow":["GET"]}}],"collection":[{"href":"https:\/\/nakup-lozisek.cz\/index.php\/wp-json\/wp\/v2\/pages"}],"about":[{"href":"https:\/\/nakup-lozisek.cz\/index.php\/wp-json\/wp\/v2\/types\/page"}],"author":[{"embeddable":true,"href":"https:\/\/nakup-lozisek.cz\/index.php\/wp-json\/wp\/v2\/users\/1"}],"replies":[{"embeddable":true,"href":"https:\/\/nakup-lozisek.cz\/index.php\/wp-json\/wp\/v2\/comments?post=1523"}],"version-history":[{"count":4,"href":"https:\/\/nakup-lozisek.cz\/index.php\/wp-json\/wp\/v2\/pages\/1523\/revisions"}],"predecessor-version":[{"id":1810,"href":"https:\/\/nakup-lozisek.cz\/index.php\/wp-json\/wp\/v2\/pages\/1523\/revisions\/1810"}],"wp:attachment":[{"href":"https:\/\/nakup-lozisek.cz\/index.php\/wp-json\/wp\/v2\/media?parent=1523"}],"curies":[{"name":"wp","href":"https:\/\/api.w.org\/{rel}","templated":true}]}}